 a prime number?
True
Is 31433905257 a prime number?
False
Is 4671188663 composite?
False
Is 2888913641 composite?
True
Is 1983347699 prime?
False
Is 962013647 composite?
True
Is 46028304919 a composite number?
False
Is 93014903509 composite?
True
Is 39833628869 a composite number?
False
Is 163189015111 a prime number?
False
Is 976675163 prime?
False
Is 2854834951 a composite number?
False
Is 20273826239 a prime number?
True
Is 15155205173 a composite number?
False
Is 496121291 a composite number?
False
Is 31745837 composite?
False
Is 35269395019 prime?
False
Is 66884562157 composite?
True
Is 934277209 prime?
False
Is 3635671927 a composite number?
False
Is 667808753 a prime number?
True
Is 3038981359 composite?
False
Is 2941525673 prime?
False
Is 1381545631 a composite number?
True
Is 56813014073 composite?
True
Is 94886506759 a composite number?
True
Is 393546547 a prime number?
False
Is 141764137 a prime number?
True
Is 82505431473 composite?
True
Is 2546358491 a prime number?
True
Is 819986561 composite?
False
Is 5196378811 prime?
False
Is 1271012111 composite?
False
Is 2898814558 prime?
False
Is 551921917 a composite number?
False
Is 10595015059 composite?
True
Is 3304780357 prime?
False
Is 152981039 composite?
False
Is 45590494135 composite?
True
Is 6471437129 prime?
False
Is 28010152199 composite?
False
Is 5599229737 composite?
False
Is 138133811 composite?
False
Is 7638730345 a composite number?
True
Is 195094649 a prime number?
True
Is 6206888687 a prime number?
True
Is 11075773543 a composite number?
False
Is 887346469 prime?
False
Is 82710839759 a prime number?
True
Is 738699697 prime?
True
Is 39839800213 a prime number?
False
Is 65054489 composite?
True
Is 59653708369 a composite number?
False
Is 14663646119 a composite number?
False
Is 244530051639 composite?
True
Is 629094491 a prime number?
False
Is 3523423667 a composite number?
True
Is 561577039 composite?
True
Is 677421923 composite?
False
Is 5863292803 composite?
True
Is 3051078113 prime?
False
Is 25047005671 prime?
True
Is 65319547231 a prime number?
True
Is 13241717999 composite?
False
Is 285650051 a composite number?
True
Is 70864886867 a composite number?
False
Is 150467767 a prime number?
False
Is 301213439 a composite number?
False
Is 22782619217 composite?
False
Is 269829961 a composite number?
True
Is 2916962423 a prime number?
True
Is 155730026983 composite?
False
Is 89035037389 prime?
True
Is 102121769 composite?
True
Is 1157523839 prime?
False
Is 459458183 a prime number?
False
Is 463029139 a composite number?
True
Is 8095307 prime?
False
Is 206104049 a composite number?
False
Is 7789102757 composite?
False
Is 1788261989 a prime number?
True
Is 44417571257 a prime number?
True
Is 8742768863 a prime number?
True
Is 1066905769 prime?
True
Is 3988371659 prime?
True
Is 1172984543 prime?
True
Is 13148597881 composite?
True
Is 18869141 composite?
True
Is 3206452043 a prime number?
True
Is 769760687 composite?
False
Is 2452577 a prime number?
False
Is 10569399805 a composite number?
True
Is 55560844621 a prime number?
True
Is 32036677681 a prime number?
True
Is 1526457227 prime?
True
Is 30787833211 a composite number?
True
Is 158315224373 a prime number?
True
Is 11787860681 a prime number?
False
Is 4603280215 prime?
False
Is 620520223 a composite number?
False
Is 12992170663 prime?
True
Is 2147851097 a composite number?
True
Is 4521312667 composite?
True
Is 3922296929 a composite number?
False
Is 18529239187 composite?
False
Is 2135113637 a composite number?
False
Is 243146087683 a composite number?
False
Is 66871943 a composite number?
True
Is 28861559 prime?
True
Is 1018576501 a composite number?
False
Is 5281877141 composite?
True
Is 192533477 prime?
False
Is 419867297 prime?
True
Is 1006195117 a prime number?
False
Is 4714561331 a prime number?
False
Is 35194409119 prime?
True
Is 10956601361 a prime number?
True
Is 45840667 a prime number?
False
Is 47096165 composite?
True
Is 13856691551 prime?
False
Is 16096461 a prime number?
False
Is 128024375827 composite?
True
Is 2031228179 a composite number?
True
Is 314274469 a prime number?
True
Is 1220965217 a prime number?
False
Is 232219714945 a prime number?
False
Is 7006222021 a composite number?
True
Is 1189894799 a prime number?
True
Is 73091729 a composite number?
False
Is 2893902587 prime?
True
Is 439762729 a prime number?
False
Is 747000203 composite?
False
Is 2074696157 a prime number?
True
Is 74752988507 composite?
False
Is 11216025661 a composite number?
True
Is 1778181887 a prime number?
True
Is 4413961 a composite number?
True
Is 1497863167 a prime number?
False
Is 1016382481 composite?
False
Is 2889572779 a prime number?
True
Is 4039923029 composite?
False
Is 79033358627 prime?
False
Is 740677843 a prime number?
False
Is 12110894363 a composite number?
True
Is 33450890777 a composite number?
False
Is 550872727 composite?
True
Is 5064910798 prime?
False
Is 8449939639 a prime number?
False
Is 765828841 prime?
False
Is 5154050179 composite?
False
Is 8555769461 composite?
False
Is 415103511 prime?
False
Is 6352103803 composite?
False
Is 166892584447 composite?
False
Is 13950442079 a prime number?
False
Is 115071892459 a prime number?
True
Is 8866451719 a composite number?
False
Is 9979835449 prime?
False
Is 70788101819 a composite number?
True
Is 5708514881 a prime number?
False
Is 52643087083 a composite number?
True
Is 195032217991 a composite number?
True
Is 36822675911 composite?
True
Is 27184135903 a composite number?
False
Is 58441516423 a prime number?
False
Is 5282967121 a prime number?
False
Is 7362187307 prime?
False
Is 4894084643 a composite number?
True
Is 347953523 a composite number?
False
Is 153612086371 a prime number?
False
Is 5804217359 prime?
True
Is 10568017093 a composite number?
True
Is 3338900833 a composite number?
False
Is 1702450973 a prime number?
True
Is 1214682527 prime?
False
Is 1065707189 a composite number?
True
Is 2006597149 a prime number?
True
Is 38713623339 composite?
True
Is 8262026917 prime?
True
Is 477298169 composite?
False
Is 2382584359 a prime number?
False
Is 4555559689 a prime number?
True
Is 7507951811 a composite number?
False
Is 32536433 composite?
False
Is 9122682061 a prime number?
True
Is 2034999511 prime?
True
Is 222151481 a prime number?
False
Is 9412740167 composite?
False
Is 16208540029 a prime number?
False
Is 515479087 prime?
True
Is 189751813 a composite number?
True
Is 17861837977 prime?
True
Is 28593493 prime?
True
Is 33180013851 a composite number?
True
Is 1438906901 a prime number?
True
Is 3976136603 a composite number?
True
Is 4979498471 a prime number?
True
Is 23696714759 prime?
True
Is 4640489101 prime?
False
Is 50946463907 a prime number?
False
Is 51713600221 composite?
False
Is 6073941637 a composite number?
True
Is 233574058 prime?
False
Is 62336600437 composite?
True
Is 1100382133 a composite number?
True
Is 41847163513 prime?
False
Is 5712336841 a prime number?
True
Is 711341987 prime?
False
Is 56253441687 prime?
False
Is 20703194 composite?
True
Is 15793311515 a prime number?
False
Is 4361087519 a prime number?
False
Is 2925775453 prime?
False
Is 2479920197 a composite number?
False
Is 3340408103 composite?
False
Is 4610730413 prime?
True
Is 93732031243 a composite number?
False
Is 10026776185 a prime number?
False
Is 912857209 a prime number?
False
Is 2902161763 prime?
True
Is 40174139 composite?
True
Is 1043581417 a composite number?
False
Is 49362533078 prime?
False
Is 8981937677 prime?
True
Is 258886502411 prime?
True
Is 138429937 composite?
False
Is 622657853 a composite number?
False
Is 525890542 a prime number?
False
Is 24338909359 prime?
False
Is 1359160393 prime?
False
Is 10828244003 prime?
True
Is 43683946393 composite?
False
Is 11963643829 a composite number?
False
Is 104790337 a composite number?
True
Is 107335135403 a prime number?
False
Is 32942996027 composite?
False
Is 8500376699 composite?
False
Is 26824882457 a composite number?
True
Is 18592116377 prime?
True
Is 12553662749 a prime number?
True
Is 76639879507 composite?
False
Is 344039 a prime number?
True
Is 236827457639 prime?
False
Is 18763981 composite?
False
Is 13424743639 a prime number?
True
Is 17938102999 prime?
True
Is 39689409527 a composite number?
True
Is 3221